{"id":71701,"date":"2025-02-22T13:23:16","date_gmt":"2025-02-22T12:23:16","guid":{"rendered":"https:\/\/boutiquemariagedigital.fr\/?page_id=71701"},"modified":"2025-05-20T10:32:27","modified_gmt":"2025-05-20T08:32:27","slug":"realisez-vous-des-commandes-pour-dautres-evenements-que-les-mariages","status":"publish","type":"page","link":"https:\/\/boutiquemariagedigital.fr\/index.php\/faq\/realisez-vous-des-commandes-pour-dautres-evenements-que-les-mariages\/","title":{"rendered":"R\u00e9alisez-vous des commandes pour d&rsquo;autres \u00e9v\u00e9nements que les mariages ?"},"content":{"rendered":"<p>[et_pb_section fb_built=\u00a0\u00bb1&Prime; admin_label=\u00a0\u00bbCreer avec coeur\u00a0\u00bb _builder_version=\u00a0\u00bb4.27.4&Prime; _module_preset=\u00a0\u00bbdefault\u00a0\u00bb background_color=\u00a0\u00bb#ededed\u00a0\u00bb custom_padding=\u00a0\u00bb|0px||0px|true|false\u00a0\u00bb global_colors_info=\u00a0\u00bb{}\u00a0\u00bb da_is_popup=\u00a0\u00bboff\u00a0\u00bb da_exit_intent=\u00a0\u00bboff\u00a0\u00bb da_has_close=\u00a0\u00bbon\u00a0\u00bb da_alt_close=\u00a0\u00bboff\u00a0\u00bb da_dark_close=\u00a0\u00bboff\u00a0\u00bb da_not_modal=\u00a0\u00bbon\u00a0\u00bb da_is_singular=\u00a0\u00bboff\u00a0\u00bb da_with_loader=\u00a0\u00bboff\u00a0\u00bb da_has_shadow=\u00a0\u00bbon\u00a0\u00bb da_disable_devices=\u00a0\u00bboff|off|off\u00a0\u00bb][et_pb_row _builder_version=\u00a0\u00bb4.27.4&Prime; _module_preset=\u00a0\u00bbdefault\u00a0\u00bb background_enable_color=\u00a0\u00bboff\u00a0\u00bb background_image=\u00a0\u00bbhttps:\/\/boutiquemariagedigital.fr\/wp-content\/uploads\/2025\/02\/Gravure-laser-243-scaled.jpg\u00a0\u00bb background_position=\u00a0\u00bbtop_center\u00a0\u00bb custom_padding=\u00a0\u00bb325px|0px|228px|0px|false|false\u00a0\u00bb global_colors_info=\u00a0\u00bb{}\u00a0\u00bb][et_pb_column type=\u00a0\u00bb4_4&Prime; _builder_version=\u00a0\u00bb4.16&Prime; _module_preset=\u00a0\u00bbdefault\u00a0\u00bb custom_padding=\u00a0\u00bb|||\u00a0\u00bb global_colors_info=\u00a0\u00bb{}\u00a0\u00bb custom_padding__hover=\u00a0\u00bb|||\u00a0\u00bb][\/et_pb_column][\/et_pb_row][et_pb_row padding_top_bottom_link_1=\u00a0\u00bbfalse\u00a0\u00bb _builder_version=\u00a0\u00bb4.27.4&Prime; _module_preset=\u00a0\u00bbdefault\u00a0\u00bb background_color=\u00a0\u00bb#ffffff\u00a0\u00bb max_width=\u00a0\u00bb786px\u00a0\u00bb custom_margin=\u00a0\u00bb-173px|||\u00a0\u00bb custom_padding=\u00a0\u00bb||||true|false\u00a0\u00bb use_custom_width=\u00a0\u00bbon\u00a0\u00bb custom_width_px=\u00a0\u00bb786px\u00a0\u00bb global_colors_info=\u00a0\u00bb{}\u00a0\u00bb][et_pb_column type=\u00a0\u00bb4_4&Prime; _builder_version=\u00a0\u00bb4.16&Prime; _module_preset=\u00a0\u00bbdefault\u00a0\u00bb custom_padding=\u00a0\u00bb|||\u00a0\u00bb global_colors_info=\u00a0\u00bb{}\u00a0\u00bb custom_padding__hover=\u00a0\u00bb|||\u00a0\u00bb][et_pb_text _builder_version=\u00a0\u00bb4.27.4&Prime; _module_preset=\u00a0\u00bbdefault\u00a0\u00bb text_font=\u00a0\u00bb|500|||||||\u00a0\u00bb text_text_color=\u00a0\u00bb#000000&Prime; text_font_size=\u00a0\u00bb12px\u00a0\u00bb text_letter_spacing=\u00a0\u00bb1px\u00a0\u00bb text_line_height=\u00a0\u00bb1.4em\u00a0\u00bb header_2_text_color=\u00a0\u00bb#9ea58d\u00a0\u00bb custom_margin=\u00a0\u00bb||||false|false\u00a0\u00bb custom_padding=\u00a0\u00bb|20px||20px|false|false\u00a0\u00bb hover_enabled=\u00a0\u00bb0&Prime; global_colors_info=\u00a0\u00bb{}\u00a0\u00bb sticky_enabled=\u00a0\u00bb0&Prime;]<\/p>\n<section style=\"padding: 20px; background-color: #f9f9f9; border-radius: 12px; margin-bottom: 30px;\">\n<h2 style=\"color: #7d8758; font-family: 'Poppins', sans-serif; font-size: 2rem; text-align: center; margin-bottom: 20px;\"><strong>R\u00e9alisez-vous des commandes pour d&rsquo;autres \u00e9v\u00e9nements que les mariages ?<\/strong><\/h2>\n<p style=\"font-family: 'Work Sans', sans-serif; font-size: 1rem; line-height: 1.8; color: #333333; text-align: justify;\">Oui ! Bien que la <strong>gravure laser mariage<\/strong> soit au c\u0153ur de notre savoir-faire,<br \/><strong><span style=\"color: #7d8758;\">Atelier Lumabois<\/span><\/strong> vous accompagne pour une large gamme d\u2019\u00e9v\u00e9nements personnels et professionnels.<br \/>Notre expertise en <strong>d\u00e9coupe laser personnalis\u00e9e<\/strong> et en gravure nous permet de concevoir des cr\u00e9ations <em>uniques<\/em> et <strong>adapt\u00e9es \u00e0 toutes les occasions<\/strong>.<\/p>\n<\/section>\n<section style=\"padding: 20px; background-color: #ffffff; border-radius: 12px; box-shadow: 0 4px 8px rgba(0, 0, 0, 0.05); margin-bottom: 30px;\">\n<h3 style=\"color: #7d8758; font-family: 'Poppins', sans-serif; font-size: 1.8rem; text-align: center; margin-bottom: 15px;\"><strong>Nous r\u00e9alisons des commandes pour divers \u00e9v\u00e9nements :<\/strong><\/h3>\n<ul style=\"font-family: 'Work Sans', sans-serif; font-size: 1rem; color: #333333; line-height: 1.8; padding-left: 20px;\">\n<li style=\"margin-bottom: 15px;\"><strong>Anniversaires<\/strong><br \/>Cr\u00e9ez des souvenirs inoubliables avec nos <strong>d\u00e9corations personnalis\u00e9es<\/strong> : cake toppers, panneaux de bienvenue, et cadeaux d\u2019invit\u00e9s originaux.<\/li>\n<li style=\"margin-bottom: 15px;\"><strong>Bapt\u00eames et communions<\/strong><br \/>Offrez des objets uniques comme des <strong>cadres grav\u00e9s<\/strong>, des <strong>marque-places<\/strong> ou des <strong>bo\u00eetes \u00e0 souvenirs<\/strong> con\u00e7us pour ces moments pr\u00e9cieux.<\/li>\n<li style=\"margin-bottom: 15px;\"><strong>\u00c9v\u00e9nements professionnels<\/strong><br \/>Marquez les esprits lors de vos s\u00e9minaires, lancements de produits ou remises de prix avec des <strong>troph\u00e9es grav\u00e9s<\/strong>, des <strong>enseignes d\u00e9coratives<\/strong> et des <strong>cadeaux d\u2019affaires sur mesure<\/strong>.<\/li>\n<li><strong>Autres c\u00e9l\u00e9brations<\/strong><br \/>Pour les f\u00eates de naissance, fian\u00e7ailles, d\u00e9parts en retraite ou autres occasions sp\u00e9ciales, nous cr\u00e9ons des <strong>d\u00e9corations<\/strong> et des <strong>cadeaux personnalis\u00e9s<\/strong> adapt\u00e9s \u00e0 chaque \u00e9v\u00e9nement.<\/li>\n<\/ul>\n<\/section>\n<section style=\"padding: 20px; background-color: #f9f9f9; border-radius: 12px; margin-bottom: 30px;\">\n<ul style=\"font-family: 'Work Sans', sans-serif; font-size: 1rem; color: #333333; line-height: 1.8; padding-left: 20px;\"><\/ul>\n<\/section>\n<section style=\"padding: 20px; background-color: #ffffff; border-radius: 12px; box-shadow: 0 4px 8px rgba(0, 0, 0, 0.05);\">\n<h3 style=\"color: #7d8758; font-family: 'Poppins', sans-serif; font-size: 1.8rem; text-align: center; margin-bottom: 15px;\"><strong>Pourquoi choisir Atelier Lumabois pour vos \u00e9v\u00e9nements ?<\/strong><\/h3>\n<ul style=\"font-family: 'Work Sans', sans-serif; font-size: 1rem; color: #333333; line-height: 1.8; padding-left: 20px;\">\n<li><strong>Personnalisation sans limite<\/strong> : Des cr\u00e9ations adapt\u00e9es \u00e0 votre <em>th\u00e8me<\/em> et \u00e0 vos envies.<\/li>\n<li><strong>Qualit\u00e9 artisanale<\/strong> : Des <em>finitions soign\u00e9es<\/em> r\u00e9alis\u00e9es dans notre atelier avec des mat\u00e9riaux <strong>\u00e9coresponsables<\/strong>.<\/li>\n<li><strong>Large choix de produits<\/strong> : De la <strong>gravure laser mariage<\/strong> aux <strong>cadeaux d\u2019affaires<\/strong>, nous r\u00e9pondons \u00e0 toutes vos demandes.<\/li>\n<li><strong>Livraison flexible<\/strong> : \u00c0 domicile avec suivi ou retrait sur rendez-vous \u00e0 Montgeron.<\/li>\n<\/ul>\n<\/section>\n<section style=\"padding: 20px; background-color: #f9f9f9; border-radius: 12px; margin-top: 30px;\">\n<p style=\"font-family: 'Work Sans', sans-serif; font-size: 1rem; line-height: 1.8; color: #333333; text-align: justify;\">Que ce soit pour un <strong>mariage<\/strong>, un <strong>anniversaire<\/strong> ou un <strong>\u00e9v\u00e9nement professionnel<\/strong>, nous mettons tout en \u0153uvre pour cr\u00e9er des <strong>souvenirs qui marquent les esprits<\/strong> et rendent votre c\u00e9l\u00e9bration <strong>unique<\/strong>.<br \/>Faites confiance \u00e0 <strong><span style=\"color: #7d8758;\">Atelier Lumabois<\/span><\/strong> pour des cr\u00e9ations sur mesure qui allient <strong>\u00e9l\u00e9gance<\/strong>, <strong>qualit\u00e9<\/strong> et <strong>authenticit\u00e9<\/strong>.\u00a0<\/p>\n<\/section>\n<p>[\/et_pb_text][\/et_pb_column][\/et_pb_row][\/et_pb_section]<\/p>\n","protected":false},"excerpt":{"rendered":"<p>R\u00e9alisez-vous des commandes pour d&rsquo;autres \u00e9v\u00e9nements que les mariages ? Oui ! Bien que la gravure laser mariage soit au c\u0153ur de notre savoir-faire,Atelier Lumabois vous accompagne pour une large gamme d\u2019\u00e9v\u00e9nements personnels et professionnels.Notre expertise en d\u00e9coupe laser personnalis\u00e9e et en gravure nous permet de concevoir des cr\u00e9ations uniques et adapt\u00e9es \u00e0 toutes les [&hellip;]<\/p>\n","protected":false},"author":1,"featured_media":0,"parent":71638,"menu_order":0,"comment_status":"closed","ping_status":"closed","template":"","meta":{"_et_pb_use_builder":"on","_et_pb_old_content":"","_et_gb_content_width":"","footnotes":""},"class_list":["post-71701","page","type-page","status-publish","hentry"],"_links":{"self":[{"href":"https:\/\/boutiquemariagedigital.fr\/index.php\/wp-json\/wp\/v2\/pages\/71701","targetHints":{"allow":["GET"]}}],"collection":[{"href":"https:\/\/boutiquemariagedigital.fr\/index.php\/wp-json\/wp\/v2\/pages"}],"about":[{"href":"https:\/\/boutiquemariagedigital.fr\/index.php\/wp-json\/wp\/v2\/types\/page"}],"author":[{"embeddable":true,"href":"https:\/\/boutiquemariagedigital.fr\/index.php\/wp-json\/wp\/v2\/users\/1"}],"replies":[{"embeddable":true,"href":"https:\/\/boutiquemariagedigital.fr\/index.php\/wp-json\/wp\/v2\/comments?post=71701"}],"version-history":[{"count":5,"href":"https:\/\/boutiquemariagedigital.fr\/index.php\/wp-json\/wp\/v2\/pages\/71701\/revisions"}],"predecessor-version":[{"id":74447,"href":"https:\/\/boutiquemariagedigital.fr\/index.php\/wp-json\/wp\/v2\/pages\/71701\/revisions\/74447"}],"up":[{"embeddable":true,"href":"https:\/\/boutiquemariagedigital.fr\/index.php\/wp-json\/wp\/v2\/pages\/71638"}],"wp:attachment":[{"href":"https:\/\/boutiquemariagedigital.fr\/index.php\/wp-json\/wp\/v2\/media?parent=71701"}],"curies":[{"name":"wp","href":"https:\/\/api.w.org\/{rel}","templated":true}]}}