{"id":138,"date":"2025-02-06T12:35:27","date_gmt":"2025-02-06T11:35:27","guid":{"rendered":"https:\/\/boutiquemariagedigital.fr\/?post_type=product&#038;p=138"},"modified":"2026-02-13T12:04:12","modified_gmt":"2026-02-13T11:04:12","slug":"marque-place-dhonneur-rectangulaire","status":"publish","type":"product","link":"https:\/\/boutiquemariagedigital.fr\/index.php\/product\/marque-place-dhonneur-rectangulaire\/","title":{"rendered":"Panneau d\u2019honneur rectangulaire"},"content":{"rendered":"<h3 data-start=\"506\" data-end=\"538\"><strong data-start=\"506\" data-end=\"536\">Utilisations principales :<\/strong><\/h3>\n<ul>\n<li>Signal\u00e9tique \u00e9l\u00e9gante : Peut \u00eatre utilis\u00e9 pour indiquer un espace particulier (table d\u2019accueil, coin livre d\u2019or, photobooth, etc.)<\/li>\n<li>Signal\u00e9tique \u00e9l\u00e9gante : Peut \u00eatre utilis\u00e9 pour indiquer un espace particulier (table d\u2019accueil, coin livre d\u2019or, photobooth, etc.)<\/li>\n<li>Souvenir : Peut \u00eatre conserv\u00e9 en souvenir apr\u00e8s l\u2019\u00e9v\u00e9nement<\/li>\n<\/ul>\n<p>&nbsp;<\/p>\n<p><b style=\"color: #333333; font-size: 22px;\">Personnalisation :<\/b><\/p>\n<ul>\n<li style=\"font-weight: 400;\" aria-level=\"1\"><span style=\"font-weight: 400;\">Possibilit\u00e9 d\u2019ajouter une gravure personnalis\u00e9e<\/span><\/li>\n<li style=\"font-weight: 400;\" aria-level=\"1\"><span style=\"font-weight: 400;\">Choix du type de police pour un rendu unique<\/span><\/li>\n<li style=\"font-weight: 400;\" aria-level=\"1\"><b>Possibilit\u00e9 de modifier les motifs (fleurs, feuillages, symboles) pour l&rsquo;adapter \u00e0 vos choix et pr\u00e9f\u00e9rences<\/b><\/li>\n<li style=\"font-weight: 400;\" aria-level=\"1\"><b>Disponible en diff\u00e9rentes teintes :<\/b><span style=\"font-weight: 400;\"> sans teinte, exotique, brun, miel ou effet fum\u00e9<\/span><\/li>\n<\/ul>\n","protected":false},"excerpt":{"rendered":"<p>Ce panneau en bois rectangulaire, grav\u00e9 avec les pr\u00e9noms des mari\u00e9s et la date de leur union, est une touche d\u00e9licate et personnalis\u00e9e pour d\u00e9corer votre \u00e9v\u00e9nement. Plac\u00e9 sur un petit chevalet en bois, il trouve parfaitement sa place sur une table d\u2019accueil, \u00e0 c\u00f4t\u00e9 du livre d\u2019or ou dans un espace photo. Son style \u00e9pur\u00e9 et chaleureux s\u2019int\u00e8gre facilement \u00e0 tout type de d\u00e9coration.<\/p>\n","protected":false},"featured_media":129,"comment_status":"open","ping_status":"closed","template":"","meta":{"_et_pb_use_builder":"","_et_pb_old_content":"","_et_gb_content_width":""},"product_brand":[],"product_cat":[49],"product_tag":[],"class_list":{"0":"post-138","1":"product","2":"type-product","3":"status-publish","4":"has-post-thumbnail","6":"product_cat-decoration-de-table","8":"first","9":"instock","10":"taxable","11":"shipping-taxable","12":"purchasable","13":"product-type-variable"},"_links":{"self":[{"href":"https:\/\/boutiquemariagedigital.fr\/index.php\/wp-json\/wp\/v2\/product\/138","targetHints":{"allow":["GET"]}}],"collection":[{"href":"https:\/\/boutiquemariagedigital.fr\/index.php\/wp-json\/wp\/v2\/product"}],"about":[{"href":"https:\/\/boutiquemariagedigital.fr\/index.php\/wp-json\/wp\/v2\/types\/product"}],"replies":[{"embeddable":true,"href":"https:\/\/boutiquemariagedigital.fr\/index.php\/wp-json\/wp\/v2\/comments?post=138"}],"wp:featuredmedia":[{"embeddable":true,"href":"https:\/\/boutiquemariagedigital.fr\/index.php\/wp-json\/wp\/v2\/media\/129"}],"wp:attachment":[{"href":"https:\/\/boutiquemariagedigital.fr\/index.php\/wp-json\/wp\/v2\/media?parent=138"}],"wp:term":[{"taxonomy":"product_brand","embeddable":true,"href":"https:\/\/boutiquemariagedigital.fr\/index.php\/wp-json\/wp\/v2\/product_brand?post=138"},{"taxonomy":"product_cat","embeddable":true,"href":"https:\/\/boutiquemariagedigital.fr\/index.php\/wp-json\/wp\/v2\/product_cat?post=138"},{"taxonomy":"product_tag","embeddable":true,"href":"https:\/\/boutiquemariagedigital.fr\/index.php\/wp-json\/wp\/v2\/product_tag?post=138"}],"curies":[{"name":"wp","href":"https:\/\/api.w.org\/{rel}","templated":true}]}}