{"id":72327,"date":"2025-03-31T11:30:28","date_gmt":"2025-03-31T09:30:28","guid":{"rendered":"https:\/\/boutiquemariagedigital.fr\/?post_type=product&#038;p=72327"},"modified":"2026-02-12T14:45:44","modified_gmt":"2026-02-12T13:45:44","slug":"livre-dor-ordinaire","status":"publish","type":"product","link":"https:\/\/boutiquemariagedigital.fr\/index.php\/product\/livre-dor-ordinaire\/","title":{"rendered":"Livre d&rsquo;or ordinaire"},"content":{"rendered":"<h3 data-prosemirror-content-type=\"node\" data-prosemirror-node-name=\"paragraph\" data-prosemirror-node-block=\"true\" data-pm-slice=\"1 3 []\"><strong data-prosemirror-content-type=\"mark\" data-prosemirror-mark-name=\"strong\">Utilisations principales :<\/strong><\/h3>\n<ul>\n<li>\n<p data-renderer-start-pos=\"583\">Livre d\u2019or pour mariages, anniversaires, bapt\u00eames ou autres \u00e9v\u00e9nements sp\u00e9ciaux.<\/p>\n<\/li>\n<li>\n<p data-renderer-start-pos=\"667\">Carnet souvenir personnalis\u00e9 \u00e0 feuilleter apr\u00e8s l\u2019\u00e9v\u00e9nement.<\/p>\n<\/li>\n<li>\n<p data-renderer-start-pos=\"731\">Objet d\u00e9coratif \u00e0 exposer dans votre int\u00e9rieur.<\/p>\n<\/li>\n<li style=\"list-style-type: none;\"><\/li>\n<\/ul>\n<h3 data-start=\"319\" data-end=\"347\"><strong data-start=\"323\" data-end=\"345\">Personnalisation :<\/strong><\/h3>\n<ul>\n<li><b>Personnalisation :<\/b><span style=\"font-weight: 400;\"> Possibilit\u00e9 de personnaliser avec n&rsquo;importe quel pr\u00e9nom, date, titre ou m\u00eame un mot sp\u00e9cial<\/span><\/li>\n<li><b>Police d&rsquo;\u00e9criture :<\/b><span style=\"font-weight: 400;\"> Style de police \u00e9l\u00e9gant et lisible, adapt\u00e9 \u00e0 tous les types d&rsquo;\u00e9v\u00e9nements<\/span><\/li>\n<li><b>Ajout possible de symboles<\/b><span style=\"font-weight: 400;\"> comme des c\u0153urs, feuillages, ou silhouettes personnalis\u00e9es en plus<\/span><\/li>\n<li style=\"list-style-type: none;\"><\/li>\n<\/ul>\n<p data-start=\"348\" data-end=\"943\">\n","protected":false},"excerpt":{"rendered":"<p data-renderer-start-pos=\"74\">Ce livre d\u2019or en bois est un choix raffin\u00e9 et intemporel pour immortaliser les souvenirs de votre \u00e9v\u00e9nement. Sa couverture rigide en bois grav\u00e9e avec des motifs floraux d\u00e9licats et les pr\u00e9noms des mari\u00e9s offre un rendu \u00e9l\u00e9gant et personnalis\u00e9. Gr\u00e2ce \u00e0 sa reliure \u00e0 vis dor\u00e9e et sa bande de tissu noir, il allie esth\u00e9tique et solidit\u00e9. Il est parfait pour recevoir les mots doux et t\u00e9moignages de vos proches lors de mariages, anniversaires ou autres c\u00e9l\u00e9brations.<\/p>\n<p data-start=\"348\" data-end=\"943\">\n","protected":false},"featured_media":72395,"comment_status":"open","ping_status":"closed","template":"","meta":{"_et_pb_use_builder":"","_et_pb_old_content":"","_et_gb_content_width":""},"product_brand":[],"product_cat":[47],"product_tag":[],"class_list":{"0":"post-72327","1":"product","2":"type-product","3":"status-publish","4":"has-post-thumbnail","6":"product_cat-livres-dor-cadres","8":"first","9":"instock","10":"taxable","11":"shipping-taxable","12":"purchasable","13":"product-type-variable"},"_links":{"self":[{"href":"https:\/\/boutiquemariagedigital.fr\/index.php\/wp-json\/wp\/v2\/product\/72327","targetHints":{"allow":["GET"]}}],"collection":[{"href":"https:\/\/boutiquemariagedigital.fr\/index.php\/wp-json\/wp\/v2\/product"}],"about":[{"href":"https:\/\/boutiquemariagedigital.fr\/index.php\/wp-json\/wp\/v2\/types\/product"}],"replies":[{"embeddable":true,"href":"https:\/\/boutiquemariagedigital.fr\/index.php\/wp-json\/wp\/v2\/comments?post=72327"}],"wp:featuredmedia":[{"embeddable":true,"href":"https:\/\/boutiquemariagedigital.fr\/index.php\/wp-json\/wp\/v2\/media\/72395"}],"wp:attachment":[{"href":"https:\/\/boutiquemariagedigital.fr\/index.php\/wp-json\/wp\/v2\/media?parent=72327"}],"wp:term":[{"taxonomy":"product_brand","embeddable":true,"href":"https:\/\/boutiquemariagedigital.fr\/index.php\/wp-json\/wp\/v2\/product_brand?post=72327"},{"taxonomy":"product_cat","embeddable":true,"href":"https:\/\/boutiquemariagedigital.fr\/index.php\/wp-json\/wp\/v2\/product_cat?post=72327"},{"taxonomy":"product_tag","embeddable":true,"href":"https:\/\/boutiquemariagedigital.fr\/index.php\/wp-json\/wp\/v2\/product_tag?post=72327"}],"curies":[{"name":"wp","href":"https:\/\/api.w.org\/{rel}","templated":true}]}}